 - 2.
-4
2 + (-4 - -7) + -7 + 7
5
Calculate 1 - (-6 + 8 - (6 + -4)).
1
What is -8 - (3 + 5 + -20)?
4
Calculate (-3 - -3) + (6 - -9 - 4).
11
What is the value of -2 + (-1 - -5) + -2?
0
What is the value of (-1 - -1) + 0 + 5 + -2?
3
Evaluate (3 - 1) + (-5 - (-1 + -1)).
-1
-6 - (2 + 3 - 15) - 5
-1
(-14 - -2) + 17 - (0 - 0)
5
Evaluate -1 - (-5 + 3) - (1 - 0).
0
Calculate (2 + 4 - (5 - 2)) + -5.
-2
-1 - 4 - -5 - -5
5
Calculate (25 - 18) + (-1 - 3) - 0.
3
What is the value of -13 + 13 + -8 - -6?
-2
6 + -6 + 1 + -5
-4
5 - (3 - 1) - (-4 + 7)
0
Calculate -1 - -2 - (49 + -40).
-8
What is the value of (-9 - -8) + 2 + -2 + -1?
-2
Calculate 12 - (11 + 2 + -8).
7
6 + -6 + -2 + 0
-2
2 - ((0 - -3) + 3)
-4
(16 - 12) + (0 - 7) + 0
-3
Evaluate 1 + (-6 + -2 - (-2 - -1)).
-6
What is 3 + (-1 - 2) + -9 + 6?
-3
Calculate -1 + (10 - 9) + -1 + 2.
1
Calculate 5 + 0 + 2 - 2.
5
What is the value of (-3 + 7 - -2) + -10?
-4
Calculate 4 - (-3 + (12 - 4)).
-1
Evaluate -4 + 7 + 0 + -1 + -5.
-3
What is 10 + -7 + 6 - 9?
0
Evaluate -6 + (-6 + 4 + 4 - 2).
-6
3 - (-6 + 4 + 1)
4
Evaluate -5 + 6 + 5 - 8.
-2
Calculate (-4 + 4 - -2 - 5) + -2.
-5
3 + 5 + (-7 - 1)
0
(-3 - 3) + (16 - 9) + -9
-8
Evaluate 5 - (-10 - -16 - -5).
-6
Calculate 18 + (-13 - -6) + -2.
9
What is the value of 13 - (14 - (-5 - -10))?
4
(0 - (14 - 8)) + (2 - -4)
0
Evaluate 4 + (-1 + -3 - (0 + -2)).
2
What is the value of (-2 + -5 - -4) + 8?
5
What is -4 + (5 - 7) + 3 + 10?
7
Calculate (11 + -4 - (-2 + 8)) + 0.
1
What is the value of -3 + 6 - 18 - (-8 - -2)?
-9
(-4 - 0) + (2 - 0) - 3
-5
Evaluate 5 - -2 - 5 - (-3 - -1).
4
Calculate -46 + 45 + 6 + 0.
5
Calculate 4 + (-5 - 3) + (-2 - -2).
-4
What is the value of (-3 - -4) + -6 + -4 - -6?
-3
What is -10 + 5 + 0 - (-5 + 1)?
-1
3 - (-1 - (3 - 9) - 5)
3
-3 + 0 + 5 + -1 - -1
2
What is the value of 2 - (2 - 8 - (-1 + -1))?
6
What is the value of (6 - -5) + -11 + -1?
-1
(2 + 0 - -4) + 1
7
What is -6 + 5 + (3 - 1)?
1
What is the value of (10 - 11) + -1 + 8 + -1?
5
What is the value of -3 - (0 - (3 + -4) - 1)?
-3
What is -4 + (2 - 0) - -3?
1
What is the value of 5 - ((4 - 1) + (-17 - -16))?
3
Evaluate 2 + -5 + (-1 - 1) - -5.
0
What is the value of 8 + -7 + -6 + 0?
-5
Calculate -2 + 4 + (-11 - -13).
4
Evaluate (-14 - -16) + -2 + 4.
4
Evaluate -3 - ((3 - (8 + -5)) + -1).
-2
Evaluate (3 - -5) + -2 + 0 + -12.
-6
What is the value of -5 - (2 + -8) - 2?
-1
Calculate 0 + -7 + 8 + 2.
3
12 + -5 + 0 + -4
3
Evaluate -6 + 2 + 6 + 6 + -7.
1
Calculate 10 - 17 - -5 - -3.
1
What is the value of 2 + -2 + -3 + -1?
-4
What is -3 + 7 + 0 - (2 + 1)?
1
Calculate (21 - 18) + (2 - 0).
5
What is -7 - (-2 - (14 + -8))?
1
(3 - 3 - -2) + -1
1
Calculate (-2 - (-4 - -4)) + 4.
2
-1 + -10 - (-24 + (12 - -10))
-9
Evaluate -1 + (-2 - -2 - -4) - -1.
4
What is -7 - (-11 - (-1 + (-2 - -7)))?
8
-2 + 2 + 2 + (-7 - -5)
0
What is -2 + (5 + -10 - -5)?
-2
Evaluate -11 - (3 + -4 - 8).
-2
Calculate (-1 + 2 - 3) + 0.
-2
What is 3 + -6 + -1 + 1 + 1?
-2
What is the value of 9 + -3 + -7 + 5?
4
-1 - ((-7 - -8) + -1)
-1
3 + 2 + 4 + -3 + -4
2
What is the value of 31 - 39 - (-2 + -8 + -2)?
4
What is (-1 - -1) + -2 + 5 - 5?
-2
What is -6 - (12 - (10 - 1))?
-9
What is the value of 4 + 6 + (-1 - 8)?
1
Evaluate 10 - (13 - (-10 + 9)).
-4
What is -2 + -1 + 3 - 3?
-3
9 + (-20 - -9) - -12
10
4 - (4 + 4 + -2 + 2)
-4
What is -2 + 2 + 2 - (3 + -2)?
1
What is 4 + -4 + (0 - 3)?
-3
(-4 - -9 - 2) + -4
-1
What is -11 - -11 - ((6 - 3) + 5)?
-8
What is 3 + -5 - (-1 + 0)?
-1
(-2 - 3) + 4 + (11 - 4)
6
Calculate -8 - -1 - (-2 - 2).
-3
What is the value of 0 + (-3 - -3) - (4 + 0)?
-4
Calculate -2 - (-8 - (-8 - 2)).
-4
What is the value of -7 + 8 + -7 + 6?
0
What is the value of 2 - (4 + 0 + (4 - 8))?
2
(4 + 1 - 10) + 1 + 8
4
What is 2 + 0 - (4 + (-1 - 0))?
-1
Calculate 4 - ((16 - (6 - 4)) + -2).
-8
(0 - -6) + (-10 - -5)
1
What is the value of -3 + (7 - 2) - (2 + -4)?
4
What is the value of -14 + 8 + 12 - (-3 - -2)?
7
What is the value of (6 - 3 - (1 + 3)) + 9?
8
Calculate -5 + (5 - -5) + -8 - 4.
-7
Calculate -9 + 3 + (3 + -2 - 2).
-7
What is 6 + -5 - -7 - 15?
-7
What is -1 - (-3 - (1 - 2))?
1
What is the value of -5 + (3 - 4 - -1)?
-5
Evaluate (6 - 8 - -9) + -3.
4
4 - -2 - (38 - 33)
1
-3 + 2 + 5 + -6
-2
What is 17 + (-10 - -1) + -14?
-6
Evaluate -1 + -1 + 0 - -1.
-1
What is the value of -7 + (-2 - -3 - -2)?
-4
4 - (-3 + -3 + 5)
5
Evaluate (6 - 10) + 8 + -11 + 1.
-6
(7 + -10 - -8) + 2
7
Evaluate (-1 - (1 - -3)) + 1.
-4
-4 + 1 + -2 + 3 + -3
-5
Evaluate (-10 - -9 - 4) + 0.
-5
What is -14 + 6 + 9 - (3 - 2)?
0
Evaluate -4 + (-3 - (-11 + (0 - -4))).
0
Evaluate 1 + -5 + -7 - -3.
-8
Evaluate 1 + 2 + -6 + 6.
3
-1 + (-1 - 1) + 3
0
Calculate -4 + -4 + 9 - -1.
2
Calculate -9 - (-6 - (4 - 7)).
-6
Evaluate (-16 - -21 - (-1 - -4)) + 2.
4
Calculate -30 + 19 - (-2 + -4).
-5
What is the value of (5 - 0) + -3 - 7?
-5
Calculate (-6 + 5 - -1) + (-5 - -1).
-4
Evaluate 23 + -17 - (-3 - (-4 + -9)).
-4
Calculate (-3 - -2) + 2 - (-2 + -3).
6
Evaluate 6 - (-5 + 9) - -2.
4
(0 - -1) + 1 + -4 + 6
4
Calculate -7 + (-8 - -21 - 2).
4
What is (-2 - 2) + (-6 - -8) + 3?
1
-3 + 4 + (4 - (4 + -4))
5
Evaluate 21 - 22 - (-1 - (1 - 2)).
-1
What is (-6 + 1 - (18 - 15)) + 5?
-3
2 - -1 - (1 + 1)
1
What is 1 - (-4 + 2) - 5?
-2
What is -1 + (1 - -2) + 3?
5
What is the value of (-11 - -8 - 1) + -1 + 2?
-3
Calculate 10 + (-4 + -1 - (32 - 32)).
5
0 + (-7 - -9) - -3
5
Evaluate (-2 - -6) + -12 + 10 + -1.
1
What is 3 + -3 + 5 + -3?
2
148 - 143 - (-1 + (14 - 2))
-6
What is the value of -8 + (8 - 6) + 2?
-4
What is -5 - (-5 - -3 - (-2 - -2))?
-3
(1 - 1) + 4 + 0 + 0
4
What is -8 - (-7 - (1 + -3))?
-3
(2 - (5 - 4)) + 4
5
Evaluate 0 + (-11 - 2) + 14.
1
Calculate -6 - ((8 - 24) + 5).
5
Evaluate (-1 - 1) + 7 - (-6 - -4).
7
Evaluate -5 - (4 + 3 + -11).
-1
What is the value of -4 - (0 + -7) - 6?
-3
What is (11 - 20 - -16) + -3 + -3?
1
What is the value of (-8 - -4) + 2 + 5?
3
Evaluate -3 + -1 + 6 - 0.
2
Evaluate -2 - (0 - (0 - -4)).
2
Calculate 3 - (3 + (-1 - 5)).
6
What is the value of 1 - 2 - (22 - 29)?
6
What is the value of 0 - (6 + -11 + 0)?
5
Calculate (16 - 1) + (-5 - 3) - 8.
-1
Evaluate (0 - -6) + (-1 - -1).
6
(-9 + 0 - 0) + (8 - 4)
-5
What is the value of 4 + -13 - (9 - 6 - 8)?
-4
What is the value of 9 + -5 + 4 + -4 + 0?
4
-5 + (3 - -6) - 1
3
3 - (5 - -9) - -10
-1
-1 + -5 + (-2 - -6)
-2
Calculate -5 + 3 + 16 + (-14 - -8).
8
Evaluate (76 - 78) + 5 + -1 + -6.
-4
0 - ((0 - 4) + (6 - 3))
1
(-8 - -1) + (8 - 2)
-1
What is 1 + -4 + 16 + -13 + -3?
-3
What is 0 + -4 + 7 - 5?
-2
What is (-2 - 1 - -6) + -7 - -7?
3
Calculate 3 - (5 - (0 + 3)).
1
Evaluate (-4 + 1 - (0 - 3)) + 4.
4
What is the value of 3 + -10 + 9 + (0 - 2)?
0
Evaluate -6 + 7 - (2 + -3).
2
What is 2 + -5 + -1 + (-2 - -2)?
-4
3 + (-1 - (-7 + 3)) + -1
5
Evaluate 3 + (2 + 1 - 8).
-2
What is -2 + (-9 + 6 - (-9 + 2))?
2
Evaluate (3 - (-1 - -8)) + 2.
-2
What is (-6 + 3 - (-3 - -1)) + 6?
5
Evaluate 3 + (0 - 7) + 0 + 2.
-2
What is -3 + -9 - -9 - -5?
2
What is -5 + 0 + -5 + 3 + 4?
-3
Evaluate -3 + 4 + 2 + -9 + 14.
8
Calculate -5 - (2 + 3 - 7).
-3
1 + (2 - (-3 - 0)) + -10
-4
Calculate 1 + (-2 + (4 - 1) - 6).
-4
Evaluate -9 + 13 + (-6 - -2).
0
Evaluate -1 - -1 - (-1 - 3).
4
-2 + (1 - 6 - -11)
4
What is the value of -1 - ((-6 + 5 - -1) + -6)?
5
What is 0 - -7 - (5 + 2 + -1)?
1
What is 2 + -7 - (-6 + 4)?
-3
Evaluate 4 - (4 - 3) - (13 - 9).
-1
Evaluate 4 - (7 + 2) - 0.
-5
What is the value of 1 - 7 - ((-12 - 0) + -1)?
7
What is the value of -1 - -4 - (5 - (-1 - -6))?
3
Calculate -2 + 2 - ((3 - 5) + 8).
-6
13 + -15 - (-7 - -1)
4
What is -2 + (1 - (0 - -2)) + 3?
0
-4 + (-4 - -4) + 4 + 2
2
Evaluate -4 + (5 - 7) + (0 - 1).
-7
What is -5 + (-1 - -5 - (-11 + 1))?
9
1 + -4 - ((-12 - -1) + 3)
5
Calculate -10 - (9 + -1 + -17).
-1
Calculate 1 - (-5 - -8 - 12 - -5).
5
17 + -5 + -8 - 0
4
Calculate 1 - -5 - 6 - 4.
-4
2 + -1 + -2 + -3
-4
Evaluate 1 + 2 + 0 + (-1 - 4).
-2
6 - (18 + -8) - -3
-1
(-26 - -26) + 3 + -1
2
1 - (2 + 0 + -3) - 4
-2
Evaluate (-2 - 2) + (-3 - 0) + 9.
2
What is the value of 40 - 33 - (4 + -1 - 3)?
7
What is the value of -8 + -1 + 8 - 1?
-2
What is (-3 - -4) + -5 + (8 - 0)?
4
What is the value of 9 - -1 - (125 + -108)?
-7
What is 1 + 27 + -12 + -7?
9
What is (-5 - (-1 + -1)) + -52 + 53?
-2
Calculate (4 - (-1 - -14 - 2)) + 5.
-2
6 - -1 - (11 - (9 - 2))
3
